 m/(-1 - 9/x)?
2
Let x(v) = v**3 + 7*v**2 - 3*v - 3. Let w be x(-8). List the prime factors of 1 - (-4 - -9) - w.
3, 13
Let d = -22 + 34. Suppose -2*x + 28 = d. List the prime factors of (x/10)/(4/10).
2
Let y = 4 + 20. List the prime factors of y.
2, 3
Let y(r) = -4*r - 1. Let w be y(-1). Suppose 0 = -w*c + n + 20, -2*c + 5*c - 5*n - 28 = 0. Let d = c + 10. List the prime factors of d.
2
Let g(r) = -r**2 + 2*r - 1. Let j be g(1). Let i = 9 - j. List the prime factors of i.
3
Let c(f) = -15*f. List the prime factors of c(-6).
2, 3, 5
Suppose -h - 3*h = -3*k - 7, -3*h = 4*k + 26. What are the prime factors of ((-4)/(-5))/((-1)/k)?
2
Let a = 9 + -8. Let b = a + 3. List the prime factors of b.
2
Suppose 31 + 7 = 3*u - 5*l, -u + 6 = -3*l. Let v be u/6 - 1/(-2). Suppose 5 = -o - v*w - 4, 0 = -3*o + w + 25. What are the prime factors of o?
7
Let v be 2/(-8)*37*-4. Suppose -x + 3*u + v = 0, -3*x + 3*u = -x - 83. Suppose -t - x = -4*k - 4*t, -32 = -2*k + 3*t. List the prime factors of k.
13
Let m be (-276)/(-20) + 1/5. Let k = 29 - m. List the prime factors of k.
3, 5
Suppose -3*q = -5*t + 33, 3*q + 2*t + 6 + 6 = 0. List the prime factors of -3 + -22*3/q.
2
Let f = -80 - -115. List the prime factors of f.
5, 7
Let u(z) be the second derivative of z**3/2 + 2*z**2 - 3*z. List the prime factors of u(4).
2
Let r(j) = -j**2 + 8*j - 6. Let i be r(7). Let p = -1 + i. Let y = 5 - p. List the prime factors of y.
5
Let i(h) = h**3 - 10*h**2 + 2*h - 7. What are the prime factors of i(10)?
13
Let f(q) = q**2 + 5*q - 7. Let r be f(-6). What are the prime factors of (-2 + 3)/(r/(-22))?
2, 11
Suppose 2*x - 3 = 1. Suppose 0 = -x*g - 0*g - 4, 26 = 4*c + g. What are the prime factors of c?
7
Suppose -5*h + 43 = -202. What are the prime factors of h?
7
Let j(c) be the third derivative of 0 + 0*c**4 + 0*c**3 + 1/6*c**5 + 0*c - 2*c**2. What are the prime factors of j(1)?
2, 5
Let u(h) = 6*h**2 + h + 1. Suppose -4*f = -3*k + 12, -5*f = 5*k - 8 - 12. Suppose 0*j = -4*j - k. What are the prime factors of u(j)?
2, 3
Suppose 4*t = h + t + 27, 5*t + 15 = 0. Let w = h + 65. Let k = w - 16. List the prime factors of k.
13
Let x(t) = 14*t**2. Suppose 0 = 5*k - 53 + 13. Let w = k - 7. What are the prime factors of x(w)?
2, 7
What are the prime factors of (-49)/(-2) + (-15)/(-10)?
2, 13
Let g(t) = t**3 - 2*t + 8 + 3*t + 6. List the prime factors of g(0).
2, 7
Suppose 5*k - 214 = 4*g + 136, -70 = -k - g. List the prime factors of k.
2, 5, 7
Let v(p) = -p**2 - 8*p - 6. Let i be v(-8). Let w(f) = -f**3 - 7*f**2 - 5*f + 8. Let y be w(i). List the prime factors of -7*(y + -1 + -2).
7
Let q(n) = n**3 - n**2 + 32. Let u(r) = r**3 + 4*r**2 - 4*r + 5. Let d be u(-5). Let m be q(d). What are the prime factors of 7/14*(0 + m)?
2
Let w(r) = -r**3 - 14*r**2 - r + 14. List the prime factors of w(-14).
2, 7
Let f = 1 + 45. List the prime factors of f.
2, 23
What are the prime factors of 87 - ((-18)/(-3) + -2)?
83
Let p = 6 - 3. Suppose -6*n = 3*q - n - 82, q = p*n + 4. What are the prime factors of q?
19
Let o be (-144)/(-14) - (-2)/(-7). Suppose -3*g + 9 = -6. Suppose -g*b + o + 0 = 0. List the prime factors of b.
2
Let u be -1 + 6 + -1 + 0. Suppose 0*o - 4 = -u*o. Let p(v) = 13*v - 1. What are the prime factors of p(o)?
2, 3
Let i(h) = 2*h + 5. What are the prime factors of i(4)?
13
Let h = -10 + 32. Suppose -6 + 1 = -5*c, -q - 5*c + h = 0. List the prime factors of q.
17
Let x(o) = o**2 + 3. Let r be x(0). Let w be (-2)/11 - (-312)/22. Suppose -w = -r*n + 2*n. List the prime factors of n.
2, 7
Suppose 5*i = 163 + 77. Suppose 12 = 2*u + q - 20, 2*q = 3*u - i. What are the prime factors of u?
2
Let v(g) = 3*g - 1. Let q = 0 + 4. What are the prime factors of v(q)?
11
Suppose 0*i = 2*i - 4. Suppose -m - 12 = -i*m. List the prime factors of m.
2, 3
Let h be (8/(-1))/(1 - 3). Suppose -h*l - 21 = 39. Let f = l - -29. What are the prime factors of f?
2, 7
What are the prime factors of 0 - (-5)/((-10)/(-76))?
2, 19
Suppose -27 - 1 = -7*w. List the prime factors of -1 + 1 - (-116)/w.
29
Suppose 5*l = -2*s - 16, -3 + 5 = -l. Let a(z) = -5*z + 3. Let d be a(s). Suppose d - 2 = v. What are the prime factors of v?
2
Let t be (-444)/22 - (-4)/22. What are the prime factors of (-5)/(t/(-12)) + 18?
3, 5
Let v = 60 - -100. List the prime factors of v.
2, 5
Let m(s) = 2*s**2 + 1. Suppose 0 = -0*u - 2*u + 16. Suppose 5*g - 5*n = 0, 5*g + 6*n - 3*n = u. List the prime factors of m(g).
3
Let a(p) = p + 5. Suppose 5*u = 2*x - 10, -1 = -3*u + 3*x + 2. Let i be a(u). List the prime factors of (-2)/i - (-8 - -3).
3
Let z(q) = -6*q + 13. List the prime factors of z(-11).
79
Suppose 6 + 4 = 2*h. Suppose 5*s - 3*r - 2 = 24, -14 = -s + h*r. Suppose -s*g = 3*l - 53, -2*g + 93 = 2*g - 5*l. List the prime factors of g.
17
Let r be (-4)/(-6) - (-14)/6. Let z be (-1 + -23)*(-3)/6. Suppose 5*v - r - z = 0. What are the prime factors of v?
3
Suppose 0 = 3*l - 4*l + 1. List the prime factors of (-3)/((-112)/(-124) - l).
31
Let y(o) = -13*o**2 + o - 2. Let b(v) be the third derivative of v**5/5 + v**3/6 + v**2. Let c(w) = 3*b(w) + 2*y(w). What are the prime factors of c(1)?
11
Let n(i) be the first derivative of -1/2*i**2 - 1 - 3*i. What are the prime factors of n(-5)?
2
Let t(j) = -8*j**3. Let q be t(-1). Let y = -1 - -2. What are the prime factors of (q - y)*(0 - -1)?
7
Let m = -185 + 316. List the prime factors of m.
131
Let a(v) = 2*v**2 + 4*v + 2. Let d(t) = -4*t**3 + 1. Suppose 3*p = 5*r + 10 - 3, -r = -5*p + 19. Let j be d(r). What are the prime factors of a(j)?
2
Let w = -74 - -103. Suppose v + 0*v = 5*z + w, -3*z = -v + 17. List the prime factors of (-2 + z)*(-1)/2.
2
Let s(a) = -a - 1. Let t be s(-1). Suppose -4*v + 0*v + 28 = t. List the prime factors of v.
7
Let h = -8 - -13. Suppose 4*c - 2*q - 40 = 0, 2*q - 3*q + 64 = h*c. What are the prime factors of c?
2, 3
Suppose -4*j - 26 = 46. Let c = j + 32. What are the prime factors of c?
2, 7
List the prime factors of (-12)/9*3/(-2).
2
Let g(q) = -q**2 + 4 + 6 - 2 + 3*q. Let z be g(-6). Let j = -28 - z. List the prime factors of j.
2, 3
Suppose -2*v + 21 = v. Suppose 0 = -2*j + 3 + v. Suppose 0 = m - 4*m - 4*h + 21, m = -2*h + j. List the prime factors of m.
11
Suppose -2*z = -z - 4. List the prime factors of z/(36/(-44) + 1).
2, 11
Let u(g) = 2*g**2 - 4*g**2 - 5 + 3*g**2 + 1. Let r be u(-3). Suppose -16 = -r*b + 54. What are the prime factors of b?
2, 7
Suppose -v = -4*z + 505, -z + 135 = -3*v + v. What are the prime factors of z?
5
Let c be 1/(-1) - (-9 - -6). Suppose 4*q - 126 = -5*d, c*q + 5*d - 5 = 63. What are the prime factors of q?
29
Suppose 0 = -2*w - 3*v + 1 - 5, 2*v - 12 = -5*w. Let r(j) = -2 - 2*j - 2*j + 6 + j**2. List the prime factors of r(w).
2
Let w(g) = g**2 - 2*g - 3. Let s be w(4). Let j(b) = -4*b - 12*b**2 + 5*b + 7*b**2 - s*b - b**3 - 5. What are the prime factors of j(-5)?
3, 5
Suppose -5*z + 0*z = -10. What are the prime factors of (30/(-5))/(z/(-2))?
2, 3
Let n be (0 - 0) + (7 - 9). Let s = -2 - n. Suppose x - 20 + 3 = s. List the prime factors of x.
17
Suppose -3*o + 30 = -9. What are the prime factors of o?
13
Let r = -1 - -4. Suppose -j + r = 2*c - 9, -j + 4 = 0. What are the prime factors of c?
2
Suppose s + 26 = -s. List the prime factors of 6/(-39) + (-158)/s.
2, 3
Let x be (0*(-1)/(-2))/2. Suppose x = -p + 2. Suppose 2*z + p*z - 12 = 0. List the prime factors of z.
3
List the prime factors of 35/(-1 - (-15)/10).
2, 5, 7
Suppose -5*r = 4*x + 4 - 29, -3*r - 2*x = -15. Suppose 58 = r*j - 167. What are the prime factors of j?
3, 5
Let s(o) be the first derivative of 5*o - 1/4*o**4 - 7/2*o**2 - 3 - 7/3*o**3. What are the prime factors of s(-6)?
11
Let k = -9 - -3. What are the prime factors of k/1*-1 - 2?
2
Let i be 8 - (4 - (-1 - -4)). Suppose -11 = -g + i. List the prime factors of g.
2, 3
Let a = 54 - 25. What are the prime factors of a?
29
Suppose -90 = -3*h + 2*h + 3*u, 4*h = 2*u + 330. What are the prime factors of h?
3
Let l(s) = -5*s. Let y = 9 + -11. List the prime factors of l(y).
2, 5
List the prime factors of 3 + 0*(-2)/6 + 0.
3
Let o = 215 - 129. What are the prime factors of o?
2, 43
Let y(f) = -f**3 - 6*f**2 - 4*f - 2. Let q be y(-4). Let k = 26 + q. What are the prime factors of k?
2
Let r(b) = -b**2 - 22*b + 13. List the pri